= -9*w - 35. Let x be q(-8). Calculate the greatest common factor of x and 407.
37
Let z be (1/1*2)/1. Suppose -4 + 38 = 2*w. Let u = w + z. Calculate the highest common divisor of 76 and u.
19
Suppose -4*j + 0*j = 0. Let p be 12 + (3 - 5) + j. Calculate the highest common divisor of 70 and p.
10
Suppose -x - 37 = -5*t - 6, -3*x + 12 = 0. Suppose -30 = -5*u + 40. Let p = u + 14. What is the greatest common factor of p and t?
7
Let w = 30 - -117. What is the highest common factor of w and 49?
49
Suppose -14*h + 36 = -13*h. Calculate the highest common divisor of 4 and h.
4
Let h(v) be the first derivative of -v**4/2 + v**2 - 3*v + 3. Let n be h(-4). Calculate the highest common factor of 13 and n.
13
Suppose d - 4 = 28. Suppose -4*i + 23 = -3*m, -2*i + 4*m - 1 = -25. Suppose 6*p - i*p = d. What is the highest common divisor of p and 1?
1
Let i be 1 + 52 - (2 + -1). Let d be 195*12/18*1. What is the highest common factor of d and i?
26
Let w(b) = -b**3 + 5*b**2 + 5*b + 8. Let x be w(6). Suppose -x*q + q + 9 = 0. Calculate the greatest common divisor of 36 and q.
9
Suppose 2*p = 3*p + 2*l - 195, -l + 752 = 4*p. Suppose 3*u + 31 = -y, 4*y - 4*u - 92 = 8*y. Let w = 36 + y. Calculate the highest common factor of p and w.
17
Suppose 3*c = 2*w - 0*c + 37, 0 = 4*w + 5*c + 85. Suppose 5*n + 15 = -5*y - 60, -y = -4*n. Let f = y - w. What is the greatest common divisor of 8 and f?
8
Let l = -33 + 55. Suppose 0 = 3*x + x - 220. Calculate the greatest common factor of l and x.
11
Suppose -2*f = -f - 6. Let o = f + 1. What is the greatest common factor of o and 7?
7
Let w be (-4)/(2/(-1)) + 4. Calculate the highest common divisor of w and 66.
6
Suppose 5*z + 5*l - 130 = 0, -z + 26 = -2*l + 4*l. What is the highest common factor of z and 26?
26
Let m(q) = -q**3 - 18*q**2 - 48*q - 35. Let u be m(-15). What is the greatest common divisor of u and 5?
5
Let g = 11 - 9. Let u(f) = 8*f**3 + 2*f**2 + f - 2. Let o be u(g). Suppose -3*q = -5*q + 18. Calculate the greatest common factor of o and q.
9
Suppose 0 = -p + 40 + 32. Let f = -13 + 18. Suppose 5*a + 4*t = -0*t + 98, 4*a - f*t = 62. What is the highest common factor of a and p?
18
Let t(o) = 20*o - 5. Let l be t(1). Let s(k) = -k**3 + 3*k**2 + 2*k + 4. Let i be s(3). Calculate the highest common factor of i and l.
5
Suppose g + r + 2*r = 4, 24 = 4*g + 4*r. Calculate the highest common divisor of g and 7.
7
Let z be -6*(2 - 18/4). Calculate the greatest common divisor of z and 120.
15
Suppose -3*z - 5*j + 101 - 27 = 0, 4*j = -5*z + 106. Calculate the highest common divisor of 54 and z.
18
Let p be -3 + 3 + 4*5. Let n be -1*2/4*-16. Suppose -8 - n = -2*a. What is the highest common factor of a and p?
4
Let f(j) = -j**3 + 10*j**2 - 8*j - 6. Let l be f(6). What is the highest common divisor of 36 and l?
18
Let x be (-3)/(-2)*350/15. Calculate the greatest common divisor of x and 14.
7
Let b be 165/6 + (-30)/(-12). Calculate the highest common divisor of b and 75.
15
Suppose 4*p - p + 3*m - 12 = 0, 0 = -5*p - 3*m + 20. What is the greatest common divisor of 32 and p?
4
Suppose 53*x = 55*x - 112. Calculate the highest common divisor of x and 98.
14
Suppose 0 = n + 2*p - 104, 2 + 1 = p. What is the greatest common divisor of n and 14?
14
Let p be (-14)/(-8)*12/3. Suppose 0 = -c - c + 98. Calculate the greatest common factor of p and c.
7
Let u = 2 - 0. Let s = -13 + 16. Calculate the greatest common divisor of s and u.
1
Suppose 56 = 4*k - 24. Let t be (-108)/(-14) - 4/(-14). Calculate the greatest common divisor of k and t.
4
Let c = -8 + 78. Calculate the greatest common divisor of 28 and c.
14
Suppose -22 - 13 = -7*s. Calculate the greatest common divisor of 15 and s.
5
Let x = 28 + -15. Let v = 160 - 114. Let n = v - x. What is the greatest common factor of n and 3?
3
Let b(v) = -v**2 - 9*v - 2. Let p be b(-6). Let l = 133 + 43. What is the highest common divisor of l and p?
16
Let u(n) = n**3 - 5*n**2 + 6*n - 1. Let j be u(4). Suppose -2*z = -10, -6*z = 2*r - 4*z - 122. What is the greatest common factor of j and r?
7
Suppose -25*q + 36 = -19*q. Calculate the highest common factor of q and 15.
3
Suppose -4*s - 50 = -5*s. Calculate the highest common divisor of 20 and s.
10
Let x = 32 + -16. Suppose b = -2*l - 3*l - x, 2*l + 4 = -b. Suppose -3*y - 151 = -2*q, -388 = -q - b*q - 3*y. Calculate the greatest common divisor of q and 7.
7
Let g(h) = 3*h**2 + 9*h - 3. Let l be g(-6). What is the highest common divisor of 561 and l?
51
Suppose 5*x - 10 = 15. Suppose -4*c = -c - 9. Suppose -66 + 206 = 4*d + v, -5*d - c*v = -175. Calculate the greatest common factor of d and x.
5
Let b(z) be the third derivative of z**6/60 - z**5/30 + z**4/12 - 3*z**2. Let l be b(2). Let r = -35 - -59. What is the greatest common divisor of r and l?
12
Let r = 50 + -33. What is the highest common factor of r and 187?
17
Let a(c) = 42 + 4*c - 42. Suppose 4*q + 18 = g, 2*q = -4*g + 14 + 22. Let t be a(g). What is the highest common factor of 8 and t?
8
Let h = -18 + 10. Let c(l) = -9*l - 8. Let y be c(h). Calculate the highest common divisor of 16 and y.
16
Let s be (34 - 0/(-2)) + 4. Calculate the highest common factor of s and 38.
38
Suppose -3 = 2*j - 5*v - 1, -18 = -3*j - 3*v. Suppose -6 = -w + j. Calculate the greatest common divisor of 10 and w.
10
Let g(l) = l**2 + l + 13. Let i be g(0). Let u = -9 + i. Suppose -2*h + 3*c = 2*h - 7, 4*h - 8 = u*c. Calculate the greatest common divisor of h and 7.
1
Suppose 0 = 2*l - 7*l + 30. Let u be (-36)/(-4)*2/l. Suppose 7*v = 3*v - 8, 0 = -3*m - 3*v - u. Calculate the greatest common factor of m and 1.
1
Let v = -254 + 443. Calculate the highest common factor of v and 7.
7
Suppose -585 + 208 = -13*p. Calculate the highest common divisor of p and 116.
29
Let h be 12 + 5 + 0 + 1. Suppose -k + 2*c + h = c, k = -2*c + 12. Calculate the highest common divisor of k and 40.
8
Let z(l) be the first derivative of -3*l**2/2 - 8*l + 1. Let p be z(-7). Let q = p - 1. Calculate the highest common factor of q and 30.
6
Let a(s) = 8*s**2 - 4*s + 7. Let w be a(4). Suppose 0 = 4*m - u - 581, -m - 4*u - u = -w. Calculate the highest common divisor of m and 18.
18
Let i(r) = r**3 + 5*r**2 - r + 7. Let j = -4 - 1. Let h be i(j). What is the greatest common divisor of 8 and h?
4
Let m(r) = -5 + r + 2 + 0 + 38*r**2 + 2. Let b be m(1). Calculate the greatest common factor of 57 and b.
19
Let z = 65 + -43. Calculate the highest common factor of 11 and z.
11
Let s be (-9)/(-2)*(-48)/(-9). What is the greatest common divisor of s and 6?
6
Let v be 8*(2 - (-15)/6). Let q = 12 - 6. What is the highest common factor of v and q?
6
Suppose 2*f - 3*f + 6 = 0. Let b(i) = -i**3 + 5*i**2 + 7*i. Let g be b(f). What is the highest common divisor of g and 66?
6
Let n be (-1 + -1)*345/(-10). Let h = n + -2. Suppose 5*r - i = -0*i + h, 5*r = 5*i + 75. Calculate the highest common divisor of r and 52.
13
Let w(r) = r**2 + 6*r. Let c be w(-3). Let u be (6/7)/((-14)/(-490)). Let s = u + c. Calculate the highest common factor of s and 14.
7
Suppose 288 = 12*u - 11*u. What is the greatest common factor of u and 36?
36
Let x(a) = 5*a**2 + a + 1. Let h be x(-1). Suppose -5*d + h + 25 = 0. What is the highest common divisor of 6 and d?
6
Suppose 4*n + 0*n - 68 = 0. Calculate the greatest common factor of 68 and n.
17
Suppose -8*j + 21*j = 1300. Calculate the greatest common divisor of 40 and j.
20
Let g(n) = n**2 + n - 22. Suppose 8*y - 4*y + 44 = 0. Let m be g(y). What is the highest common divisor of 22 and m?
22
Let f be (-3*(-1)/(-6))/((-1)/414). Calculate the highest common factor of 23 and f.
23
Suppose 9 = -2*c + 3*c. Suppose -z - c = -160. Suppose 4*t = -3*a + 161, -5*t = -t + 5*a - z. Calculate the highest common divisor of 4 and t.
4
Suppose 0 = -3*m - c + 129 + 86, 355 = 5*m + c. Calculate the highest common divisor of 20 and m.
10
Let i(b) be the third derivative of -b**6/120 + b**5/10 - 5*b**4/24 + b**3/6 - 5*b**2. Let o be i(5). What is the greatest common factor of 7 and o?
1
Let f be 0/(-1) + (1 - 1). Suppose f = 2*l - 0 - 36. Let a(u) = u**3 - 5*u**2 + u + 7. Let i be a(5). Calculate the greatest common factor of i and l.
6
Let k(d) = -10*d - 3. Let w be k(2). Let l = w - -56. Calculate the highest common factor of 11 and l